 t(16). Let q = -5 + 233. What is the highest common divisor of q and c?
57
Let m be 279/496*-8*22/(-3). What is the highest common factor of m and 13585?
11
Suppose -8*d = -922 + 274. Suppose 3*v = -3*t + v + d, -5*t + 2*v + 151 = 0. What is the highest common factor of 232 and t?
29
Let s = 314 + -240. Let p be (5 - 144/27)/(2/(-222)). Calculate the greatest common divisor of s and p.
37
Let t be 5*(-7)/(175/(-295)). Suppose 0 = -3*n + 7 + t. What is the greatest common divisor of n and 275?
11
Let t be ((-9)/4)/9 - (-270)/24. Suppose -10*v - 182 = -t*v. Calculate the greatest common divisor of 14 and v.
14
Suppose 3*z + 425 = 2*k, -3*z + 354 = 4*k - 469. Calculate the greatest common divisor of k and 176.
16
Let f(p) = -1 + 12 - p + 21 + 1. Suppose 360 = -3*h + 21*h. Let z be f(h). What is the greatest common divisor of 104 and z?
13
Let j be (-10659)/(-95)*((-2)/(-4) - (-81)/18). What is the highest common divisor of j and 663?
51
Let f = 850 + -514. Suppose 0 = 20*k - 24*k + f. Let s(h) = 2*h**2 + 12. Let m be s(0). Calculate the greatest common divisor of m and k.
12
Suppose 0 = 4*t + 2*o - 3*o + 2, 0 = -2*t + 4*o - 8. Suppose -2*b + t*b + 44 = 3*g, 4*b + 5*g = 92. Calculate the greatest common divisor of 308 and b.
28
Suppose 0*o - 60 = 6*o. Let g be 8928/90 + 2/o. Calculate the highest common factor of 18 and g.
9
Let t be ((-1)/(21/(-5244)))/(64/224). What is the highest common factor of 230 and t?
46
Let y(i) = -5*i**2 + 183*i - 199. Let x be y(35). Suppose -2*f - 95 = -473. What is the greatest common divisor of x and f?
27
Let g be 1595/44 - 1/4. Suppose -503 = -2*c + 5*u, -3*u + 8*u = c - 269. Calculate the highest common divisor of g and c.
18
Let b(g) = -g**3 - g**2 + 77*g + 24. Let u be b(7). What is the greatest common factor of 243 and u?
9
Let o be (-2)/(-12) + (-537)/(-18). Let q be 18/o + (-6)/10. Suppose 4*y = g - 102, 5*g - 554 = -2*y - q*y. What is the greatest common factor of g and 10?
10
Let a be 10*(-12)/180*(-513)/6. Calculate the greatest common divisor of 969 and a.
57
Let p(v) be the first derivative of v**4/4 - 11*v**3/3 + 25*v**2/2 - 13*v - 72. Let b be p(9). What is the highest common factor of 80 and b?
10
Let k = 227 + 319. Suppose -5*x = 8*x - k. Suppose -4*s - 4*w + x = -70, -w = -2*s + 44. Calculate the highest common factor of s and 60.
12
Let c be (-648)/(-3) + (-1 - 6). Suppose 3*y = 2*y + c. Calculate the greatest common divisor of y and 44.
11
Let c(d) = -64*d**2 - 3*d + 4. Let k be c(1). Let n = k + 67. Suppose 6*z = 2*z + n*p + 156, -3*z + 5*p = -111. Calculate the highest common factor of 12 and z.
6
Suppose -1422 = -38*a + 1618. Calculate the greatest common divisor of a and 1880.
40
Let d = 51 + -68. Let v(k) = 27*k + k**3 + 19*k**2 + 3 + 25 + 10 - 3. Let s be v(d). What is the highest common divisor of 14 and s?
14
Let j(u) = -2*u + 6. Let p be 11*-1 - (-4 - -4) - 3. Let n be j(p). Calculate the highest common divisor of 374 and n.
34
Suppose 0 + 66 = 3*r. Let c(v) = 2*v**2 + v + 14. Let s be c(-6). Suppose w - s - 74 = 0. Calculate the highest common divisor of r and w.
22
Let u(g) = 27*g**2 + 10*g - 16. Let o be u(2). Suppose -3*c - 5*k + 297 = 0, -3*k - o = -c - 13. What is the greatest common divisor of c and 9?
9
Let f(h) = 158*h**3 + 3*h**2 - 1. Let o be f(1). Let g = o - 118. Calculate the greatest common divisor of 6 and g.
6
Let n be 9*4/48*-2*(-1671 - -1). What is the greatest common factor of 15 and n?
15
Let f be 2/(6047/1209 - (-5)/(-1)). Calculate the greatest common divisor of f and 52.
13
Let f be (-3)/42*-14 + (3210 - 1). What is the highest common factor of 90 and f?
30
Let f = 78 - 49. Let u(l) = l**2 + 9*l + 16. Let h be u(-12). Let x = h - f. What is the highest common divisor of 253 and x?
23
Suppose b - 2*h - 49 = 0, 122 = -3*b - 2*h + 293. Let d be (-55)/(-22)*(-51 + 53). Calculate the highest common factor of d and b.
5
Suppose 44 = -12*f + 13*f - j, f = -4*j + 24. What is the greatest common divisor of f and 3370?
10
Let d be (-216 - -26466) + 3*-2. Calculate the highest common divisor of d and 12.
12
Let c(o) = 6*o**2 - 3*o + 49. Let z be c(8). Let k = z - 359. What is the highest common factor of 2 and k?
2
Suppose 0 = -2*c + c - 2. Let o be -1 + (-6 - 2)/c. Let h = -1750653 - -1750659. Calculate the highest common factor of o and h.
3
Let i be 1 - 892/(-20) - 2/(-5). Let u = i + -32. Let o(z) = -z**2 + 8*z - 5. Let p be o(7). What is the highest common factor of u and p?
2
Let j(n) = 2*n - 8*n + 2*n - 17*n**2 + 18*n**2 + 40. Let u be j(-10). What is the greatest common factor of u and 36?
36
Suppose -h = -3*h + 120. Let y be 4108/(-79)*4/(-26). What is the highest common factor of y and h?
4
Suppose 0 = 4*p - 2*p + 4*o, 0 = 4*p - 5*o - 26. Let k be 24/22 - -55*(-46)/27830. Calculate the highest common divisor of k and p.
1
Let z be -12*(6/(-4))/(-3). Let w be ((-32)/z)/(1/3). Let n(x) = -x**3 + 8*x**2 + 13*x - 20. Let m be n(9). What is the highest common divisor of w and m?
16
Let s(q) = 0*q**3 - 11064*q**2 + 11109*q**2 + 3*q - 110 - q**3. Let l be s(45). Calculate the highest common divisor of l and 10.
5
Let z be 244/(-2)*(-25)/(-10). Let y = 547 + z. Let a be 0 + -4 + y/11. Calculate the highest common divisor of 117 and a.
9
Let m(o) = 94*o + 206. Let r be m(-2). Calculate the highest common factor of 20907 and r.
9
Suppose -11490 = -4*w + 5*x, -6*w + w + 3*x = -14356. Suppose 2492 = 3*n - t - 390, 3*n + 5*t = w. What is the greatest common divisor of n and 40?
40
Let s be 2854674/323 - -1*(-11 - 1). What is the greatest common factor of 6 and s?
6
Suppose 15840 = 11*u - 0*u. Suppose -80 = 18*m - 656. What is the greatest common divisor of m and u?
32
Let r be -1 + 177 + (-4)/2. Suppose w - g = 95, -22 - r = -2*w + 4*g. What is the highest common factor of w and 207?
23
Let o(a) = -65*a - 653. Let f be o(-18). What is the greatest common divisor of f and 329?
47
Let s(t) = 5*t - 8*t + 21 + 4*t. Let r be s(-6). Suppose -5*k - 66 = -116. Calculate the greatest common factor of r and k.
5
Suppose 1136 = 2*i + 4*k, -4*k + 331 - 355 = 0. Calculate the highest common factor of i and 80.
20
Let c(w) = -6*w**3 + w**2 - w + 2. Let r be c(-3). Suppose -a - 3*j = -28, -3*j - 54 = -3*a + 6. What is the highest common divisor of a and r?
22
Suppose 0 = -10*v + 139 + 11. Let n(f) be the first derivative of -f**2/2 + f + 11. Let d be n(-2). Calculate the greatest common divisor of v and d.
3
Suppose 3*g = 2*g + 448. Suppose 0 = -50*h + 31*h + 95. Suppose f = h*f - g. Calculate the greatest common factor of f and 16.
16
Let l(b) = -4*b + 7. Let c be l(-11). Let m(q) = 2*q**3 - 19*q**2 - 4*q - 115. Let s be m(11). Calculate the highest common factor of c and s.
51
Suppose -2*o + 54 = 3*s, -74*s + 76*s = -o + 24. Calculate the greatest common divisor of o and 8064.
36
Suppose 9*i - 102 = 114. What is the greatest common divisor of 876 and i?
12
Let b = 524 - 221. Let x = 367 - b. Calculate the highest common divisor of x and 256.
64
Let z(k) = -555*k + 26. Let v be z(1). Let n = 709 + v. What is the greatest common factor of n and 252?
36
Let c(a) = -a**2 + 11*a + 11. Let i be c(9). Let j = i + -35. Let k be (j/4)/(((-21)/18)/7). What is the highest common divisor of k and 99?
9
Suppose n + 4*h = 2614, 0 = -6*n + 8*n - 5*h - 5267. Calculate the greatest common divisor of 26 and n.
26
Suppose -46*w - 3*a = -47*w + 1844, 5*w + 3*a = 9274. Calculate the highest common factor of w and 51.
17
Let z(m) = 8*m**2 - 79*m + 25. Let y be z(25). Calculate the highest common factor of 854 and y.
122
Let j(o) = -11*o + 24. Let k be 2/(-6) - 3/9*17. Let r be j(k). Let a be -36*-1*2/4. Calculate the greatest common divisor of r and a.
18
Let x(k) be the third derivative of k**5/60 - k**4/8 + 9*k**3 - 145*k**2. Let r be x(8). What is the highest common factor of 423 and r?
47
Suppose 276*a + 368*a - 171*a - 5203 = 0. Calculate the highest common divisor of a and 29447.
11
Suppose -122*q + 285 = -103*q. What is the greatest common divisor of q and 405?
15
Suppose -10*j = -9*j - 11. Suppose -1459 = -6*y + j. Calculate the greatest common factor of y and 105.
35
Suppose 2*i = a - 15, -2*a + 12 + 11 = 3*i. Suppose -a*h + 81 = -231. What is the greatest common divisor of 264 and h?
24
Let m(z) 